ase 12
-24ba6
221120022 (base 3) to base 5
1044023
1711 (base 9) to base 8
2432
c3c9 (base 14) to base 16
839d
-52202 (base 6) to base 4
-1231022
What is 1122 (base 6) in base 5?
2031
151a (base 12) to base 2
100110100110
What is 1110110011 (base 2) in base 4?
32303
What is -2221201122 (base 3) in base 4?
-32030021
Convert 228 (base 11) to base 13.
17c
What is 635b (base 16) in base 7?
134104
Convert -203 (base 5) to base 4.
-311
Convert -1a5 (base 14) to base 13.
-203
Convert a08 (base 12) to base 3.
1222122
-63 (base 8) to base 6
-123
13411 (base 6) to base 3
2212121
-413000 (base 5) to base 2
-11010010111100
d76 (base 16) to base 7
13022
Convert -111011101 (base 2) to base 10.
-477
-1344 (base 5) to base 6
-1012
5278 (base 13) to base 14
423c
Convert 331022 (base 4) to base 16.
f4a
Convert -2171 (base 10) to base 11.
-16a4
What is -1001011101100 (base 2) in base 6?
-34232
-54023 (base 10) to base 12
-2731b
Convert -9400 (base 10) to base 8.
-22270
What is 1101011111111 (base 2) in base 11?
5213
What is 2025 (base 9) in base 7?
4214
What is -676 (base 10) in base 8?
-1244
Convert a26 (base 11) to base 16.
4d6
Convert 11331 (base 6) to base 15.
744
What is -10310 (base 5) in base 8?
-1301
Convert -34142 (base 9) to base 15.
-6ae8
64a (base 12) to base 7
2455
13355 (base 8) to base 5
141434
Convert 20234 (base 10) to base 13.
9296
1441300 (base 5) to base 12
15a09
201110 (base 3) to base 16
20d
-431 (base 6) to base 4
-2203
-390 (base 14) to base 15
-329
-3036 (base 8) to base 3
-2011000
-495 (base 14) to base 6
-4123
-1001220 (base 3) to base 12
-550
808 (base 10) to base 16
328
Convert 312 (base 13) to base 5.
4042
What is 104 (base 10) in base 8?
150
12104 (base 13) to base 14
c104
Convert -b4 (base 15) to base 6.
-441
Convert -1e2 (base 15) to base 16.
-1b5
What is -81b9 (base 14) in base 13?
-a203
Convert 195 (base 11) to base 7.
441
What is -2623 (base 12) in base 11?
-32a2
What is 57324 (base 9) in base 10?
38173
-2024 (base 12) to base 10
-3484
Convert -33302 (base 7) to base 10.
-8381
Convert 324 (base 5) to base 15.
5e
Convert -2a5c (base 14) to base 3.
-101022220
What is -681 (base 12) in base 6?
-4241
580 (base 12) to base 6
3440
What is 1101100200 (base 3) in base 13?
c51c
-681 (base 15) to base 12
-a27
Convert -4365 (base 13) to base 4.
-2102202
What is -10133 (base 4) in base 14?
-167
What is 7100 (base 9) in base 11?
3993
31233 (base 4) to base 14
46b
What is -9a82 (base 13) in base 16?
-5441
Convert -69 (base 11) to base 15.
-50
-3ac5 (base 13) to base 12
-4a76
212134 (base 5) to base 16
1c01
-4a7 (base 11) to base 15
-2a1
-10bc1 (base 14) to base 9
-61787
-2899 (base 12) to base 2
-1001001110101
Convert -33412 (base 5) to base 8.
-4465
What is 136a (base 13) in base 15?
c62
What is 10213 (base 7) in base 11?
1981
-44112 (base 5) to base 7
-11561
What is 327 (base 11) in base 10?
392
What is -41 (base 13) in base 11?
-49
Convert -168b (base 12) to base 16.
-a8b
What is c3 (base 14) in base 15?
b6
Convert 200002 (base 3) to base 8.
750
13301210 (base 4) to base 2
111110001100100
Convert 2210 (base 3) to base 16.
4b
-242302 (base 5) to base 12
-5305
-1444 (base 9) to base 7
-3121
445 (base 11) to base 3
201202
-1111100 (base 2) to base 3
-11121
-b27 (base 12) to base 3
-2012211
What is -2343 (base 10) in base 11?
-1840
Convert -334 (base 9) to base 10.
-274
Convert a6 (base 15) to base 16.
9c
What is 721 (base 13) in base 10?
1210
-76 (base 15) to base 16
-6f
What is -55a (base 13) in base 6?
-4132
What is 170267 (base 8) in base 14?
18659
What is 1a40 (base 11) in base 2?
101000011001
-1911 (base 15) to base 7
-21535
bb (base 12) to base 14
a3
Convert 850 (base 12) to base 16.
4bc
What is 77 (base 9) in base 16?
46
3436 (base 9) to base 6
15440
Convert 112022122 (base 3) to base 12.
605b
Convert -21113 (base 4) to base 15.
-29e
-4400 (base 10) to base 6
-32212
-100001011111000 (base 2) to base 16
-42f8
-225 (base 16) to base 7
-1413
-2666 (base 10) to base 13
-12a1
4b3 (base 15) to base 13
642
Convert 347 (base 14) to base 9.
803
Convert c18 (base 13) to base 10.
2049
Convert -532 (base 16) to base 7.
-3610
Convert -201 (base 14) to base 10.
-393
What is -4b7 (base 12) in base 7?
-2041
What is 62ee (base 16) in base 13?
b6b2
What is -45 (base 11) in base 10?
-49
-1699 (base 15) to base 10
-4869
What is -2210313 (base 4) in base 6?
-120503
1694a (base 13) to base 3
2012102200
Convert 48d (base 16) to base 15.
52a
909 (base 10) to base 5
12114
100121001 (base 3) to base 6
52214
Convert -535 (base 10) to base 3.
-201211
Convert -138 (base 14) to base 4.
-3312
What is 306 (base 13) in base 2?
1000000001
Convert -2120201 (base 3) to base 7.
-5326
What is 203 (base 8) in base 11?
10a
What is 321a (base 11) in base 15?
13db
10003302 (base 4) to base 2
100000011110010
11210 (base 3) to base 12
a9
Convert -1583 (base 13) to base 6.
-22325
26535 (base 7) to base 3
100210010
What is 14a45 (base 11) in base 12?
10348
110010000100 (base 2) to base 11
2453
-2846 (base 11) to base 13
-18a1
Convert 31 (base 4) to base 11.
12
Convert -12212 (base 4) to base 6.
-1542
-334 (base 9) to base 5
-2044
What is 27b00 (base 12) in base 2?
1101011101110000
What is 5222 (base 11) in base 15?
20b6
Convert 10102111 (base 3) to base 9.
3374
What is -4232 (base 10) in base 6?
-31332
Convert 2031 (base 5) to base 14.
150
What is -3326 (base 9) in base 15?
-ad9
What is -20e (base 16) in base 7?
-1351
What is 4212 (base 11) in base 15?
19be
Convert 20755 (base 9) to base 12.
7b4b
3213 (base 4) to base 11
1a0
310 (base 7) to base 8
232
Convert -12401 (base 6) to base 2.
-11101010001
What is 253 (base 7) in base 14?
9a
Convert 10111101001 (base 2) to base 11.
1156
What is 111034 (base 5) in base 2?
111100110110
-100000000111 (base 2) to base 11
-15a9
Convert 120544 (base 6) to base 15.
3201
-10983 (base 16) to base 2
-10000100110000011
2650 (base 15) to base 3
102012210
112120 (base 3) to base 14
201
436 (base 7) to base 3
22021
What is 7164 (base 8) in base 10?
3700
-1120 (base 12) to base 15
-866
What is a68 (base 14) in base 11?
15a6
-3134 (base 14) to base 11
-6404
What is -1222212200 (base 3) in base 16?
-996c
What is -22005 (base 7) in base 16?
-1575
Convert 8362 (base 14) to base 5.
1211001
4b7 (base 16) to base 6
5331
-3201 (base 4) to base 2
-11100001
17 (base 12) to base 9
21
452 (base 10) to base 12
318
What is -4072 (base 13) in base 9?
-13157
What is 101533 (base 6) in base 16?
2001
71a5 (base 12) to base 6
133125
What is -30660 (base 8) in base 9?
-18403
1234 (base 8) to base 10
668
111212120 (base 3) to base 2
10011110000001
-bc6 (base 15) to base 13
-1299
What is -78 (base 14) in base 3?
-10221
100000111010 (base 2) to base 9
2800
Convert -370 (base 14) to base 2.
-1010101110
Convert 1324535 (base 6) to base 10.
73643
What is -4222222 (base 5) in base 15?
-15c77
What is 144 (base 8) in base 16?
64
322230 (base 4) to base 16
eac
What is -10201012 (base 3) in base 15?
-c05
Convert -4827 (base 9) to base 2.
-111000000101
Convert 483 (base 16) to base 9.
1523
Convert 11011101001 (base 2) to base 9.
2375
-1022302 (base 6) to base 14
-14206
What is 101736 (base 8) in base 15?
a008
What is 211100 (base 4) in base 11?
1878
What is -17a5 (base 11) in base 14?
-b9b
What is 4007 (base 8) in base 13?
c21
1211210002 (base 3) to base 11
252a1
What is 11110010100 (base 2) in base 8?
3624
Convert 2110221 (base 3) to base 13.
a90
Convert 191 (base 10) to base 15.
cb
What is 2304 (base 5) in base 2?
101001001
What is 102530 (base 6) in base 8?
20326
Convert 5071 (base 8) to base 11.
1a6a
-15114 (base 6) to base 11
-1902
Convert -3011 (base 6) to base 5.
-10110
Convert -11a (base 14) to base 8.
-334
Convert -119 (base 11) to base 3.
-12020
Convert -7865 (base 11) to base 16.
-2874
Convert -118865 (base 9) to base 4.
-101213111
What is -11253 (base 8) in base 4?
-1022223
Convert -1a66 (base 11) to base 4.
-220311
What is 13100 (base 5) in base 9?
1358
Convert -11421 (base 5) to base 13.
-513
What is 880 (base 15) in base 3?
2122010
What is -13267 (base 9) in base 13?
-4111
-2 (base 16) to base 5
-2
What is 32 (base 14) in base 9?
48
Convert 110303 (base 5) to base 8.
7364
Convert -1433 (base 7) to base 15.
-278
-3311021 (base 4) to base 7
-63512
-203335 (base 6) 